{"id":535,"date":"2026-05-08T21:17:07","date_gmt":"2026-05-08T21:17:07","guid":{"rendered":"https:\/\/www.patechsmart.com.tr\/?page_id=535"},"modified":"2026-05-08T22:28:19","modified_gmt":"2026-05-08T22:28:19","slug":"akilli-urunler","status":"publish","type":"page","link":"https:\/\/www.patechsmart.com.tr\/?page_id=535","title":{"rendered":"Ak\u0131ll\u0131 \u00dcr\u00fcnler"},"content":{"rendered":"","protected":false},"excerpt":{"rendered":"","protected":false},"author":1,"featured_media":0,"parent":0,"menu_order":0,"comment_status":"closed","ping_status":"closed","template":"full-width","meta":{"saved_in_kubio":true,"footnotes":""},"class_list":["post-535","page","type-page","status-publish","hentry"],"kubio_ai_page_context":{"short_desc":"","purpose":"general"},"_links":{"self":[{"href":"https:\/\/www.patechsmart.com.tr\/index.php?rest_route=\/wp\/v2\/pages\/535","targetHints":{"allow":["GET"]}}],"collection":[{"href":"https:\/\/www.patechsmart.com.tr\/index.php?rest_route=\/wp\/v2\/pages"}],"about":[{"href":"https:\/\/www.patechsmart.com.tr\/index.php?rest_route=\/wp\/v2\/types\/page"}],"author":[{"embeddable":true,"href":"https:\/\/www.patechsmart.com.tr\/index.php?rest_route=\/wp\/v2\/users\/1"}],"replies":[{"embeddable":true,"href":"https:\/\/www.patechsmart.com.tr\/index.php?rest_route=%2Fwp%2Fv2%2Fcomments&post=535"}],"version-history":[{"count":12,"href":"https:\/\/www.patechsmart.com.tr\/index.php?rest_route=\/wp\/v2\/pages\/535\/revisions"}],"predecessor-version":[{"id":711,"href":"https:\/\/www.patechsmart.com.tr\/index.php?rest_route=\/wp\/v2\/pages\/535\/revisions\/711"}],"wp:attachment":[{"href":"https:\/\/www.patechsmart.com.tr\/index.php?rest_route=%2Fwp%2Fv2%2Fmedia&parent=535"}],"curies":[{"name":"wp","href":"https:\/\/api.w.org\/{rel}","templated":true}]}}